{"id":972,"date":"2019-10-17T18:44:45","date_gmt":"2019-10-17T16:44:45","guid":{"rendered":"http:\/\/klima-fakten.net\/?page_id=972"},"modified":"2021-03-03T22:45:25","modified_gmt":"2021-03-03T21:45:25","slug":"die-sonne-der-vergessene-faktor","status":"publish","type":"page","link":"https:\/\/klima-fakten.net\/?page_id=972","title":{"rendered":"Die Sonne, der vergessene Faktor"},"content":{"rendered":"<div class=\"pdfprnt-buttons pdfprnt-buttons-page pdfprnt-top-right\"><a href=\"https:\/\/klima-fakten.net\/index.php?rest_route=wpv2pages972&print=print\" class=\"pdfprnt-button pdfprnt-button-print\" target=\"_blank\"><img decoding=\"async\" src=\"https:\/\/klima-fakten.net\/wp-content\/plugins\/pdf-print\/images\/print.png\" alt=\"image_print\" title=\"Inhalt drucken\" \/><\/a><\/div>\n<p>Alle Energie, die unseren Planet erw\u00e4rmt und am Leben h\u00e4lt, kommt von der Sonne. Und dennoch sind die Klimaforscher bislang \u00fcberwiegend davon \u00fcberzeugt, die Sonne h\u00e4tte keinerlei Einfluss auf die Ver\u00e4nderungen im Klimageschehen. Daf\u00fcr gibt es eine einfache, aber sehr kurzsichtige Erkl\u00e4rung: Die Schwankungen der gemessenen Gesamtenergie, die in der \u00e4u\u00dferen Atmosph\u00e4re von der Sonne bei uns ankommt, sind au\u00dferordentlich klein, Bruchteile eines Prozent w\u00e4hrend mehrerer Jahrzehnte.  <strong>Das hat die Klimaforscher des IPCC dazu verf\u00fchrt, anzunehmen, dass der Einfluss der Sonne auf die Klimaentwicklung maximal bei 0.2%, neuerdings 0.05% liegt, also vernachl\u00e4ssigbar gering ist<\/strong>. <\/p>\n\n\n\n<p><strong>Die gesamte eingestrahlte Energie ist aber nicht die ganze Wahrheit.  Wenn man die verschiedenen Komponenten des gesamten Spektrums und der Teilchenstr\u00f6me betrachtet, \u00e4ndert sich das Bild dramatisch<\/strong>. Im UV-Bereich sind die Variationen \u00fcber einen solaren Zyklus von 11 Jahren 10 mal gr\u00f6\u00dfer, also bereits im Prozentbereich, und bei solaren Flairs gibt es Ver\u00e4nderungen \u00fcber mehrere Gr\u00f6\u00dfenordnungen.  <\/p>\n\n\n\n<p>Die Sonnenflecken werden schon sehr lange beobachtet, und bereits vor 200 Jahren hat <a href=\"http:\/\/blog.ins.de\/Ceterum-censeo\/getreidepreise_sonnenflecken_und_die_globale_klimaerwaermung.html\">der deutsch-englische Astronom Wilhelm Herschel einen Zusammenhang zwischen Sonnenflecken und Getreidepreisen gefunden<\/a>, was einen signifikanten Einflu\u00df der Sonnenfleckent\u00e4tigkeit auf das Klima nahelegt. <\/p>\n\n\n\n<p>Der englische Astrophysiker<a href=\"http:\/\/www.weatheraction.com\/pages\/data\/WAaudit.pdf\"> Piers Corbyn macht langfristige Wettervorhersagen aufgrund der Sonnenaktivit\u00e4t<\/a>. <\/p>\n\n\n\n<p>Die verschiedenen Einflu\u00dffaktoren der Sonne sind in diesem Film zusammengefa\u00dft (in englischer Sprache): <\/p>\n\n\n\n<figure class=\"wp-block-embed-youtube wp-block-embed is-type-video is-provider-youtube wp-embed-aspect-16-9 wp-has-aspect-ratio\"><div class=\"wp-block-embed__wrapper\">\n<iframe loading=\"lazy\" title=\"CLIMATE FORCING | Our Future is Cold\" width=\"1200\" height=\"675\" src=\"https:\/\/www.youtube.com\/embed\/rEWoPzaDmOA?feature=oembed\" frameborder=\"0\" allow=\"accelerometer; autoplay; encrypted-media; gyroscope; picture-in-picture\" allowfullscreen><\/iframe>\n<\/div><\/figure>\n\n\n\n<h4 class=\"wp-block-heading\">Sonne, Wolken und kosmische Strahlung<\/h4>\n\n\n\n<p>Das Zusammenwirken von Sonne,  Wolken und kosmischer Strahlung ist sehr komplex. Vereinfacht kann das so beschrieben werden:<\/p>\n\n\n\n<ul class=\"wp-block-list\"><li>Der magnetische Fluss von der Sonne wirkt zusammen mit dem Magnetfeld der Erde. <\/li><li> Bei starkem solaren magnetischen Fluss wird die kosmische Strahlung zu den Polen hin abgelenkt und kann weniger in die Atmosph\u00e4re eindringen, bei schwachem magnetischen Fluss dringt mehr kosmische Strahlung in die Atmosph\u00e4re ein.  <\/li><li>Kosmische Strahlung, bestehend aus geladenen Teilchen, unterst\u00fctzt zusammen mit Aerosolen die Tr\u00f6pfchenbildung aus Wasserdampf, \u00e4hnlich wie in einer Nebelkammer.<\/li><li>Verst\u00e4rkte Wolkenbildung, v.a. niedrige Cumulus-Wolken reflektieren Sonnenlicht, was eine Verringerung der Sonneneinstrahlung auf die Erde bewirkt, mit der Folge einer relativen Abk\u00fchlung.  Umgekehrt bewirkt eine geringere Wolkenbildung eine Verst\u00e4rkung der Sonneneinstrahlung auf die Erde. <br>Auch wenn die Klimawirkung der Wolken komplizierter ist als hier skizziert (nachts reduzieren die Wolken die Abk\u00fchlung), entspricht dies doch dem subjektiven Eindruck, dass es (in den w\u00e4rmeren Jahreszeiten)  bei Bew\u00f6lkung insgesamt k\u00fchler ist als bei klarem Himmel.  <\/li><\/ul>\n\n\n\n<p>Das Zusammenwirken dieser Effekte bewirkt bei starkem magnetischen Fluss verringerte Wolkenbildung und damit st\u00e4rkere Erw\u00e4rmung als bei geringem magnetischen Fluss. <\/p>\n\n\n\n<p><\/p>\n\n\n\n<p><a href=\"https:\/\/www.nature.com\/articles\/s41467-017-02082-2.pdf\">Prof. Henrik Svensmark und Prof. Nir Shaviv haben diese Ph\u00e4nomene seit vielen Jahren erforscht<\/a>. Ihre Arbeit und die ihrer Kollegen ist sehr sch\u00f6n beschrieben in dem Film &#8222;Das Geheimnis der Wolken&#8220;<\/p>\n\n\n\n<figure class=\"wp-block-embed-youtube wp-block-embed is-type-video is-provider-youtube wp-embed-aspect-16-9 wp-has-aspect-ratio\"><div class=\"wp-block-embed__wrapper\">\n<iframe loading=\"lazy\" title=\"Klimawandel: Das Geheimnis der Wolken - arte Dokumentation\" width=\"1200\" height=\"675\" src=\"https:\/\/www.youtube.com\/embed\/KOoXktAm3LM?feature=oembed\" frameborder=\"0\" allow=\"accelerometer; autoplay; clipboard-write; encrypted-media; gyroscope; picture-in-picture\" allowfullscreen><\/iframe>\n<\/div><\/figure>\n\n\n\n<p><\/p>\n","protected":false},"excerpt":{"rendered":"<p>Alle Energie, die unseren Planet erw\u00e4rmt und am Leben h\u00e4lt, kommt von der Sonne. Und dennoch sind die Klimaforscher bislang \u00fcberwiegend davon \u00fcberzeugt, die Sonne &hellip; <\/p>\n","protected":false},"author":1,"featured_media":0,"parent":0,"menu_order":20,"comment_status":"closed","ping_status":"closed","template":"","meta":{"_monsterinsights_skip_tracking":false,"_monsterinsights_sitenote_active":false,"_monsterinsights_sitenote_note":"","_monsterinsights_sitenote_category":0,"_uf_show_specific_survey":0,"_uf_disable_surveys":false,"twitterCardType":"","cardImageID":0,"cardImage":"","cardTitle":"","cardDesc":"","cardImageAlt":"","cardPlayer":"","cardPlayerWidth":0,"cardPlayerHeight":0,"cardPlayerStream":"","cardPlayerCodec":"","footnotes":""},"class_list":["post-972","page","type-page","status-publish","hentry"],"_links":{"self":[{"href":"https:\/\/klima-fakten.net\/index.php?rest_route=\/wp\/v2\/pages\/972","targetHints":{"allow":["GET"]}}],"collection":[{"href":"https:\/\/klima-fakten.net\/index.php?rest_route=\/wp\/v2\/pages"}],"about":[{"href":"https:\/\/klima-fakten.net\/index.php?rest_route=\/wp\/v2\/types\/page"}],"author":[{"embeddable":true,"href":"https:\/\/klima-fakten.net\/index.php?rest_route=\/wp\/v2\/users\/1"}],"replies":[{"embeddable":true,"href":"https:\/\/klima-fakten.net\/index.php?rest_route=%2Fwp%2Fv2%2Fcomments&post=972"}],"version-history":[{"count":20,"href":"https:\/\/klima-fakten.net\/index.php?rest_route=\/wp\/v2\/pages\/972\/revisions"}],"predecessor-version":[{"id":5153,"href":"https:\/\/klima-fakten.net\/index.php?rest_route=\/wp\/v2\/pages\/972\/revisions\/5153"}],"wp:attachment":[{"href":"https:\/\/klima-fakten.net\/index.php?rest_route=%2Fwp%2Fv2%2Fmedia&parent=972"}],"curies":[{"name":"wp","href":"https:\/\/api.w.org\/{rel}","templated":true}]}}