{"id":690,"date":"2019-10-06T20:23:17","date_gmt":"2019-10-06T18:23:17","guid":{"rendered":"http:\/\/klima-fakten.net\/?page_id=690"},"modified":"2020-01-01T15:18:58","modified_gmt":"2020-01-01T13:18:58","slug":"es-gruent-so-gruen","status":"publish","type":"page","link":"https:\/\/klima-fakten.net\/?page_id=690","title":{"rendered":"Es gr\u00fcnt so gr\u00fcn"},"content":{"rendered":"<div class=\"pdfprnt-buttons pdfprnt-buttons-page pdfprnt-top-right\"><a href=\"https:\/\/klima-fakten.net\/index.php?rest_route=wpv2pages690&print=print\" class=\"pdfprnt-button pdfprnt-button-print\" target=\"_blank\"><img decoding=\"async\" src=\"https:\/\/klima-fakten.net\/wp-content\/plugins\/pdf-print\/images\/print.png\" alt=\"image_print\" title=\"Inhalt drucken\" \/><\/a><\/div>\n<h4 class=\"wp-block-heading\">Kohlendioxid als &#8222;gutes Treibhausgas&#8220;<\/h4>\n\n\n\n<p>Pflanzen ben\u00f6tigen CO<sub>2<\/sub> als Grundvoraussetzung zur Photosynthese.  Dabei verhalten sich hinsichtlich der Verarbeitungsf\u00e4higkeit die sog. <a href=\"https:\/\/de.wikipedia.org\/wiki\/C3-Pflanze\">C<sub>3<\/sub>-Pflanzen<\/a> (<strong>die meisten Pflanzen der mittleren Breiten, Nutzpflanzen wie z.B. Weizen, Roggen oder Reis<\/strong>) anders als die <a href=\"https:\/\/de.wikipedia.org\/wiki\/C4-Pflanze\">C<sub>4<\/sub>-Pflanzen<\/a> (typischerweise Gr\u00e4ser, Nutzpflanzen wie z.B. Mais, Zuckerrohr oder Hirse).<\/p>\n\n\n\n<figure class=\"wp-block-image is-resized\"><img loading=\"lazy\" decoding=\"async\" src=\"http:\/\/klima-fakten.net\/wp-content\/uploads\/2019\/10\/Photosynthese_CO2-Konzentration.svg_-1024x747.png\" alt=\"\" class=\"wp-image-691\" width=\"584\" height=\"426\" srcset=\"https:\/\/klima-fakten.net\/wp-content\/uploads\/2019\/10\/Photosynthese_CO2-Konzentration.svg_.png 1024w, https:\/\/klima-fakten.net\/wp-content\/uploads\/2019\/10\/Photosynthese_CO2-Konzentration.svg_-300x219.png 300w, https:\/\/klima-fakten.net\/wp-content\/uploads\/2019\/10\/Photosynthese_CO2-Konzentration.svg_-768x560.png 768w\" sizes=\"auto, (max-width: 584px) 100vw, 584px\" \/><figcaption>Abh\u00e4ngigkeit der Aufnahme von CO<sub>2<\/sub> in Abh\u00e4ngigkeit der CO<sub>2<\/sub>-Konzentration <\/figcaption><\/figure>\n\n\n\n<p> Dieses <a href=\"https:\/\/de.wikipedia.org\/wiki\/Kohlenstoffdioxid-D%C3%BCngung\">Diagramm<\/a> zeigt, dass <strong>Pflanzen das CO<\/strong><sub><strong>2<\/strong><\/sub><strong> umso besser aufnehmen k\u00f6nnen, je h\u00f6her dessen Konzentration in der Luft ist<\/strong>. Dabei ist f\u00fcr C<sub>4<\/sub>-Pflanzen die optimale Aufnahmef\u00e4higkeit bereits bei der &#8212; heutigen &#8212; CO<sub>2<\/sub>-Konzentration von etwa 400 ppm fast erreicht, w\u00e4hrend C<sub>3<\/sub>-Pflanzen sich bei wesentlich h\u00f6heren Konzentrationen von 800-1000 ppm &#8222;wohler f\u00fchlen&#8220;. Deswegen werden Treibh\u00e4user zur Verbesserung des Pflanzenwachstums mit CO<sub>2<\/sub> angereichert.  Aus dem Diagramm wird auch ersichtlich, dass <strong>eine CO<\/strong><sub><strong>2<\/strong><\/sub><strong>-Konzentration unter 150 ppm das Ende allen Lebens<\/strong> bedeuten w\u00fcrde.  <\/p>\n\n\n\n<figure class=\"wp-block-image\"><img decoding=\"async\" src=\"https:\/\/www.nasa.gov\/sites\/default\/files\/thumbnails\/image\/change_in_leaf_area.jpg\" alt=\"\"\/><\/figure>\n\n\n\n<p>Mit Hilfe von Satellitenmessungen wurden <a href=\"https:\/\/www.researchgate.net\/profile\/Chunxiang_Cao\/publication\/301598223_Greening_of_the_Earth_and_its_drivers\/links\/5728668a08aee491cb425036\/Greening-of-the-Earth-and-its-drivers.pdf?_sg%5B0%5D=z3KEnotsunBhTQZ5TAawAdD0VOwEWYApbTdc4MrcLKqyyPzrbEAPJKNPuo16LuSn0SHZ-_OE_WcPzsOfVLwrOQ.GzoMm7aNDAryyPv4hlal6xoRbsVPo-3oTPcGFM37P3P4uZxB-wby2A0UDb2t3Ooh1qBd0Zezxz8o4G_sWymCsg&amp;_sg%5B1%5D=5bFtl5JsSfYqR5Cf5oN9Gns4PXcTZmP8KdS9tba_laz8oBSIerzoUZiuTGnRzQ2NIfJJSH2D1EvNPOTEsUz_652ie3oUY9Cs-AsD-OWUTJDX.GzoMm7aNDAryyPv4hlal6xoRbsVPo-3oTPcGFM37P3P4uZxB-wby2A0UDb2t3Ooh1qBd0Zezxz8o4G_sWymCsg&amp;_iepl=\">die Auswirkungen der seit der Industrialisierung erh\u00f6hten CO<\/a><sub><a href=\"https:\/\/www.researchgate.net\/profile\/Chunxiang_Cao\/publication\/301598223_Greening_of_the_Earth_and_its_drivers\/links\/5728668a08aee491cb425036\/Greening-of-the-Earth-and-its-drivers.pdf?_sg%5B0%5D=z3KEnotsunBhTQZ5TAawAdD0VOwEWYApbTdc4MrcLKqyyPzrbEAPJKNPuo16LuSn0SHZ-_OE_WcPzsOfVLwrOQ.GzoMm7aNDAryyPv4hlal6xoRbsVPo-3oTPcGFM37P3P4uZxB-wby2A0UDb2t3Ooh1qBd0Zezxz8o4G_sWymCsg&amp;_sg%5B1%5D=5bFtl5JsSfYqR5Cf5oN9Gns4PXcTZmP8KdS9tba_laz8oBSIerzoUZiuTGnRzQ2NIfJJSH2D1EvNPOTEsUz_652ie3oUY9Cs-AsD-OWUTJDX.GzoMm7aNDAryyPv4hlal6xoRbsVPo-3oTPcGFM37P3P4uZxB-wby2A0UDb2t3Ooh1qBd0Zezxz8o4G_sWymCsg&amp;_iepl=\">2<\/a><\/sub><a href=\"https:\/\/www.researchgate.net\/profile\/Chunxiang_Cao\/publication\/301598223_Greening_of_the_Earth_and_its_drivers\/links\/5728668a08aee491cb425036\/Greening-of-the-Earth-and-its-drivers.pdf?_sg%5B0%5D=z3KEnotsunBhTQZ5TAawAdD0VOwEWYApbTdc4MrcLKqyyPzrbEAPJKNPuo16LuSn0SHZ-_OE_WcPzsOfVLwrOQ.GzoMm7aNDAryyPv4hlal6xoRbsVPo-3oTPcGFM37P3P4uZxB-wby2A0UDb2t3Ooh1qBd0Zezxz8o4G_sWymCsg&amp;_sg%5B1%5D=5bFtl5JsSfYqR5Cf5oN9Gns4PXcTZmP8KdS9tba_laz8oBSIerzoUZiuTGnRzQ2NIfJJSH2D1EvNPOTEsUz_652ie3oUY9Cs-AsD-OWUTJDX.GzoMm7aNDAryyPv4hlal6xoRbsVPo-3oTPcGFM37P3P4uZxB-wby2A0UDb2t3Ooh1qBd0Zezxz8o4G_sWymCsg&amp;_iepl=\">-Konzentration auf das weltweite Pflanzenwachstum<\/a> untersucht, mit dem erstaunlichen <strong>Ergebnis, dass  zwischen 1982 und 2009 die Begr\u00fcnung der Erde um 25-50% zugenommen hat, davon sind 70% auf die Zunahme von CO<\/strong><sub><strong>2<\/strong><\/sub><strong> zur\u00fcckzuf\u00fchren.  Insbesondere sind auch Teile der Trockengebiete der Erde gr\u00fcner geworden<\/strong>. Dies l\u00e4sst sich damit erkl\u00e4ren, dass  die \u00d6ffnungen der Bl\u00e4tter zum Einlass des CO<sub>2<\/sub> (<a href=\"https:\/\/de.wikipedia.org\/wiki\/Stoma_(Botanik)\">Stomata<\/a>) dieselben sind, \u00fcber die auch das Wasser verdunstet. Je mehr CO<sub>2<\/sub> vorhanden ist, desto weniger Stomata m\u00fcssen ge\u00f6ffnet sein, und die Pflanze wird robuster gegen Trockenheit.  <br>Dieser Film aus einer <a href=\"https:\/\/www.nasa.gov\/feature\/goddard\/2016\/carbon-dioxide-fertilization-greening-earth\">NASA Ver\u00f6ffentlichung vom Jahr 2016<\/a> zeigt die wesentlichen Zusammenh\u00e4nge kurz und anschaulich:<\/p>\n\n\n\n<figure class=\"wp-block-embed-youtube wp-block-embed is-type-video is-provider-youtube wp-embed-aspect-16-9 wp-has-aspect-ratio\"><div class=\"wp-block-embed__wrapper\">\n<iframe loading=\"lazy\" title=\"Rising CO2 Levels Greening Earth\" width=\"1200\" height=\"675\" src=\"https:\/\/www.youtube.com\/embed\/zOwHT8yS1XI?feature=oembed\" frameborder=\"0\" allow=\"accelerometer; autoplay; encrypted-media; gyroscope; picture-in-picture\" allowfullscreen><\/iframe>\n<\/div><\/figure>\n\n\n\n<p>Ein <strong>zus\u00e4tzlicher Grund f\u00fcr das verst\u00e4rkte Ergr\u00fcnen in Asien ist die <\/strong><a href=\"https:\/\/www.nature.com\/articles\/s41893-019-0220-7\"><strong>Intensivierung der Land- und Forstwirtschaft<\/strong><\/a>, vorwiegend in China und Indien, wie schon l\u00e4nger in Europa.  Durch zus\u00e4tzliche D\u00fcngung und Bew\u00e4sserung  werden mehrere Ernten pro Jahr erzielt, was zusammen mit der Wachstumssteigerung durch CO<sub>2<\/sub> wesentlich zur Ern\u00e4hrungssicherung der Weltbev\u00f6lkerung beitr\u00e4gt &#8212; <strong>seit 2000 hat sich der landwirtschaftliche Ertrag ohne Vergr\u00f6\u00dferung der landwirtschaftlich genutzten Fl\u00e4che in Indien und China um \u00fcber 35% gesteigert<\/strong>.  <\/p>\n\n\n\n<p><strong>Einer der Gr\u00fcnder von Greenpeace, Dr. Patrick Moore<\/strong>, der die Organisation wegen deren einseitiger politischer Ausrichtung verlassen hat, <strong>erl\u00e4utert die positive Bedeutung des CO<\/strong><sub><strong>2<\/strong><\/sub> im Zusammenhang mit der aktuellen Klimadiskussion  <\/p>\n\n\n\n<figure class=\"wp-block-embed-youtube wp-block-embed is-type-video is-provider-youtube wp-embed-aspect-16-9 wp-has-aspect-ratio\"><div class=\"wp-block-embed__wrapper\">\n<iframe loading=\"lazy\" title=\"CO2 is &#039;good&#039; | Energy Live News\" width=\"1200\" height=\"675\" src=\"https:\/\/www.youtube.com\/embed\/NzVMSxszudo?feature=oembed\" frameborder=\"0\" allow=\"accelerometer; autoplay; encrypted-media; gyroscope; picture-in-picture\" allowfullscreen><\/iframe>\n<\/div><\/figure>\n\n\n\n<h4 class=\"wp-block-heading\" id=\"Block_Umweltschutz\">Begr\u00fcnung und Umweltschutz<\/h4>\n\n\n\n<p>Um nicht missverstanden zu werden &#8211; die objektiv richtigen und in der Konsequenz au\u00dferordentlich optimistischen Perspektiven, die sich f\u00fcr die Natur aus dem Anstieg von CO<sub>2<\/sub> in der Atmosph\u00e4re ergeben, bedeuten keineswegs, dass hinsichtlich Schutz der Umwelt und Bewahrung der Sch\u00f6pfung &#8222;alles in Ordnung&#8220; ist auf unserer Erde.  <br><strong>Die l\u00e4ngst bekannten Probleme wie  Monokulturen, Abholzung, Brandrodung, Biodiversit\u00e4t,  Zersiedelung, Gew\u00e4sserverschmutzung, Luftverschmutzung etc.  sind nach wie vor akut und erfordern verantwortliches und rasches Handeln. <\/strong><br><strong>Wenn es gelingt, die pathologische panische Fixierung auf CO<\/strong><sub><strong>2<\/strong><\/sub><strong> zu beenden, dann haben wir auch politisch wieder die Chance, die eigentlichen Probleme mit der n\u00f6tigen Dringlichkeit und Konsequenz anzugehen.  <\/strong><\/p>\n","protected":false},"excerpt":{"rendered":"<p>Kohlendioxid als &#8222;gutes Treibhausgas&#8220; Pflanzen ben\u00f6tigen CO2 als Grundvoraussetzung zur Photosynthese. Dabei verhalten sich hinsichtlich der Verarbeitungsf\u00e4higkeit die sog. C3-Pflanzen (die meisten Pflanzen der mittleren &hellip; <\/p>\n","protected":false},"author":1,"featured_media":0,"parent":0,"menu_order":40,"comment_status":"open","ping_status":"closed","template":"","meta":{"_monsterinsights_skip_tracking":false,"_monsterinsights_sitenote_active":false,"_monsterinsights_sitenote_note":"","_monsterinsights_sitenote_category":0,"_uf_show_specific_survey":0,"_uf_disable_surveys":false,"twitterCardType":"","cardImageID":0,"cardImage":"","cardTitle":"","cardDesc":"","cardImageAlt":"","cardPlayer":"","cardPlayerWidth":0,"cardPlayerHeight":0,"cardPlayerStream":"","cardPlayerCodec":"","footnotes":""},"class_list":["post-690","page","type-page","status-publish","hentry"],"_links":{"self":[{"href":"https:\/\/klima-fakten.net\/index.php?rest_route=\/wp\/v2\/pages\/690","targetHints":{"allow":["GET"]}}],"collection":[{"href":"https:\/\/klima-fakten.net\/index.php?rest_route=\/wp\/v2\/pages"}],"about":[{"href":"https:\/\/klima-fakten.net\/index.php?rest_route=\/wp\/v2\/types\/page"}],"author":[{"embeddable":true,"href":"https:\/\/klima-fakten.net\/index.php?rest_route=\/wp\/v2\/users\/1"}],"replies":[{"embeddable":true,"href":"https:\/\/klima-fakten.net\/index.php?rest_route=%2Fwp%2Fv2%2Fcomments&post=690"}],"version-history":[{"count":61,"href":"https:\/\/klima-fakten.net\/index.php?rest_route=\/wp\/v2\/pages\/690\/revisions"}],"predecessor-version":[{"id":1055,"href":"https:\/\/klima-fakten.net\/index.php?rest_route=\/wp\/v2\/pages\/690\/revisions\/1055"}],"wp:attachment":[{"href":"https:\/\/klima-fakten.net\/index.php?rest_route=%2Fwp%2Fv2%2Fmedia&parent=690"}],"curies":[{"name":"wp","href":"https:\/\/api.w.org\/{rel}","templated":true}]}}