{"id":651,"date":"2019-10-01T11:54:30","date_gmt":"2019-10-01T11:54:30","guid":{"rendered":"http:\/\/klima-fakten.net\/?page_id=651"},"modified":"2021-06-01T09:38:05","modified_gmt":"2021-06-01T08:38:05","slug":"der-preis-der-energiewende","status":"publish","type":"page","link":"https:\/\/klima-fakten.net\/?page_id=651","title":{"rendered":"Der Preis der Energiewende"},"content":{"rendered":"<div class=\"pdfprnt-buttons pdfprnt-buttons-page pdfprnt-top-right\"><a href=\"https:\/\/klima-fakten.net\/index.php?rest_route=wpv2pages651&print=print\" class=\"pdfprnt-button pdfprnt-button-print\" target=\"_blank\"><img decoding=\"async\" src=\"https:\/\/klima-fakten.net\/wp-content\/plugins\/pdf-print\/images\/print.png\" alt=\"image_print\" title=\"Inhalt drucken\" \/><\/a><\/div>\n<p> Es wird in der Klimadiskussion viel geredet \u00fcber den Preis, den wir und k\u00fcnftige Generationen finanziell und in Form von Lebensqualit\u00e4t &#8222;bezahlen&#8220; m\u00fcssen, wenn wir einfach so weitermachen wie bisher.<br>Deutlich weniger wird dar\u00fcber geredet, welchen Preis wir f\u00fcr die Alternativen bezahlen, die aktuell als &#8222;L\u00f6sung&#8220; des &#8222;Klimawandels infolge des Treibhauseffektes&#8220; politisch propagiert werden.  <\/p>\n\n\n\n<h4 class=\"wp-block-heading\">Konkretisierung der Energiewende<\/h4>\n\n\n\n<p>Was wird aktuell unter Energiewende verstanden? Es ist ein B\u00fcndel von bereits begonnenen oder geplanten Ma\u00dfnahmen, die das Ziel haben, letztlich unsere komplette Energieversorgung &#8222;nachhaltig&#8220; zu gestalten: <\/p>\n\n\n\n<ul class=\"wp-block-list\"><li>Abschaltung von Kohle- und Kernkraftwerken, letztlich auch Gaskraftwerken<\/li><li>Energiegewinnung durch Wind- und Solarenergie<\/li><li>Treibstoffgewinnung durch Biotreibstoffe<\/li><li>Elektromobilit\u00e4t<\/li><li>Einsparung von Heizkosten durch D\u00e4mmung und effizientere Gasheizungen<\/li><\/ul>\n\n\n\n<h4 class=\"wp-block-heading\" id=\"Block_Machbarkeit\">Machbarkeit der Energiewende<\/h4>\n\n\n\n<p>Es muss &#8212; eigentlich l\u00e4ngst vor der Umsetzung &#8212; die Frage gestellt werden, inwieweit sich dieses Konzept unter den gegebenen Randbedingungen umsetzen l\u00e4sst. Dazu hat der langj\u00e4hrige Leiter des M\u00fcnchener IFO-Instituts, Prof. Werner Sinn, Ende 2017 einen richtungsweisenden Vortrag gehalten, der nach wie vor aktuell ist. <br>Eines der zentralen Probleme von Wind- und Solarenergie ist die Speicherung von elektrischer Energie aufgrund der unzuverl\u00e4ssigen Erzeugung.   Dabei ist <strong>das Hauptproblem nicht die kurzfristige Speicherung, die ggf. mit einem &#8222;Smart Grid&#8220; und\/oder Batterien erfolgen kann, sondern die langfristige, saisonale Speicherung<\/strong>. Diese kann mit bekannter Technologie nur in Speicherkraftwerken oder mit Wasserstoff oder Methan erfolgen. Beide Konzepte haben ihre eigenen Probleme, mit dem Ergebnis, dass selbst unter sehr optimistischen Annahmen ein <strong>maximaler Anteil von 50% and Wind- und Solarenergie sinnvoll  realisierbar <\/strong>ist. Die verschiedenen M\u00f6glichkeiten werden im Film diskutiert:  <\/p>\n\n\n\n<figure class=\"wp-block-embed-youtube wp-block-embed is-type-video is-provider-youtube wp-embed-aspect-16-9 wp-has-aspect-ratio\"><div class=\"wp-block-embed__wrapper\">\n<iframe loading=\"lazy\" title=\"Wie viel Zappelstrom vertr\u00e4gt das Netz? Bemerkungen zur deutschen Energiewende\" width=\"1200\" height=\"675\" src=\"https:\/\/www.youtube.com\/embed\/rV_0uHP3BDY?feature=oembed\" frameborder=\"0\" allow=\"accelerometer; autoplay; encrypted-media; gyroscope; picture-in-picture\" allowfullscreen><\/iframe>\n<\/div><\/figure>\n\n\n\n<p><\/p>\n\n\n\n<h4 class=\"wp-block-heading\" id=\"Block_Nebenwirkungen\">Nebenwirkungen der Energiewende<\/h4>\n\n\n\n<p>Es wird in der \u00d6ffentlichkeit weithin der Eindruck vermittelt, dass die &#8222;neuen&#8220; Technologien der Energiewende auch Umweltvertr\u00e4glichkeit bedeuten. Mit der Einf\u00fchrung dieser Technologien hat sich allerdings gezeigt, dass es zu teilweise vorhersehbaren, <strong><a href=\"https:\/\/www.spiegel.de\/international\/germany\/german-renewable-energy-policy-takes-toll-on-nature-conservation-a-888094.html\">gravierenden &#8222;Kollisionen&#8220; mit dem Schutz der Umwelt<\/a><\/strong> und der Bewahrung der Sch\u00f6pfung kommt.  <br><strong><a href=\"http:\/\/wolfgangepplenaturschutzundethik.de\/\">Der seit \u00fcber 40 Jahren in Umweltfragen engagierte, renommierte Biologe Dr.  Wolfgang Epple<\/a><\/strong><a href=\"http:\/\/wolfgangepplenaturschutzundethik.de\/\"> <\/a>hat sich u.a. sehr intensiv mit den Nebenwirkungen der Windenergiegewinnung und Bio-Treibstoffen, zwei wesentlichen Standbeinen der Energiewende auseinandergesetzt:<\/p>\n\n\n\n<ul class=\"wp-block-list\"><li>Fl\u00e4chenverbrauch (in W\u00e4ldern z.B. 600 B\u00e4ume pro Windanlage, bzw. <a href=\"https:\/\/www.fachagentur-windenergie.de\/fileadmin\/files\/Veranstaltungen\/Tagungsunterlagen_W.im_Wald_10.07.2014\/Vortrag_05_Boegelein_juwi_Planung__Bau_und_Betrieb.pdf\">etwa 1 ha Fl\u00e4che, davon 0.5 ha dauerhaft<\/a>). Allerdings bildet die Frage des Fl\u00e4chenverbrauchs die Problematik des Verdr\u00e4ngens von Wildtieren und St\u00f6rung des \u00f6kologischen Gleichgewichts nur ungen\u00fcgend ab.  <\/li><li><a href=\"https:\/\/www.spektrum.de\/kolumne\/windkraft-im-wald-mehr-schaden-als-nutzen\/1392939\">Windananlagen als t\u00f6dliche Fallen f\u00fcr V\u00f6gel und Insekten<\/a><\/li><li><a href=\"http:\/\/www.vernunftkraft-hessen.de\/wordpress\/2019\/07\/01\/buchtipp-krankmacher-windkraftanlagen-auswirkungen-des-infraschalls-auf-unsere-gesundheit\/\">Gesundheitliche Beeintr\u00e4chtigung durch den Infraschall von Windanlagen<\/a> <\/li><li>Beeintr\u00e4chtigung der Biodiversit\u00e4t durch Monokulturen<\/li><\/ul>\n\n\n\n<p><strong>In einem<\/strong><a href=\"https:\/\/www.suedkurier.de\/region\/schwarzwald\/blumberg\/Die-Windkraftindustrie-zerstoert-die-Natur;art372508,9589770\"><strong> Interview fa\u00dft Dr. Epple die Problematik dieser Konzepte zusammen<\/strong>.<\/a>  Er hat 2017 eine richtungsweisende <a href=\"https:\/\/www.vernunftkraft.de\/denkschrift-2\/\"><strong>Denkschrift zur Vereinbarkeit von Windenergie und Biotreibstoffen mit dem Naturschutz<\/strong><\/a> geschrieben.  Aufgrund des Umstands, dass die Energiewende in der Folge zur\u00fcckgehender Subventionen ins Stocken geraten ist, <strong><a href=\"https:\/\/naturschutz-initiative.de\/neuigkeiten\/560-11-10-2019-ein-anschlag-auf-natur-buerger-und-rechtstaat\">wird in der aktuellen Politik der Schutz der Natur und die Bewahrung der Sch\u00f6pfung immer offensichtlicher ignoriert<\/a><\/strong>, nach dem Motto: &#8222;Wenn wir merken, dass wir in die falsche Richtung gehen, verdoppeln wir die Geschwindigkeit&#8220; (E.F. Schumacher).    <\/p>\n\n\n\n<p>Dass dies nicht nur eine subjektive Einsch\u00e4tzung oder ein regionales Problem ist, zeigt dieser Film aus England:<\/p>\n\n\n\n<figure class=\"wp-block-embed-youtube wp-block-embed is-type-video is-provider-youtube wp-embed-aspect-16-9 wp-has-aspect-ratio\"><div class=\"wp-block-embed__wrapper\">\n<iframe loading=\"lazy\" title=\"Green Killing Machines: the impact of renewable energy on wildlife and nature\" width=\"1200\" height=\"675\" src=\"https:\/\/www.youtube.com\/embed\/psFkvOpSQc0?feature=oembed\" frameborder=\"0\" allow=\"accelerometer; autoplay; encrypted-media; gyroscope; picture-in-picture\" allowfullscreen><\/iframe>\n<\/div><\/figure>\n\n\n\n<p>Zu \u00e4hnlichen Schlu\u00dffolgerungen kommt Michael Shellenberger, der \u00fcber viele Jahre die regenerativen Energien im &#8222;energetischen Musterland&#8220; Kalifornien propagiert hat, mit dem Ergebnis: &#8222;<strong>Jetzt, nachdem wir festgestellt haben, dass die erneuerbaren Energien den Planeten nicht retten k\u00f6nnen, sollten wir ihnen nicht erlauben, den Planeten zu zerst\u00f6ren<\/strong>:&#8220;<\/p>\n\n\n\n<figure class=\"wp-block-embed-youtube wp-block-embed is-type-video is-provider-youtube wp-embed-aspect-16-9 wp-has-aspect-ratio\"><div class=\"wp-block-embed__wrapper\">\n<iframe loading=\"lazy\" title=\"Why renewables can\u2019t save the planet | Michael Shellenberger | TEDxDanubia\" width=\"1200\" height=\"675\" src=\"https:\/\/www.youtube.com\/embed\/N-yALPEpV4w?feature=oembed\" frameborder=\"0\" allow=\"accelerometer; autoplay; encrypted-media; gyroscope; picture-in-picture\" allowfullscreen><\/iframe>\n<\/div><\/figure>\n\n\n\n<h4 class=\"wp-block-heading\">Den Hauptpreis bezahlen die \u00c4rmsten der Armen<\/h4>\n\n\n\n<p>Die deutsche Regierung  plant, innerhalb der n\u00e4chsten 4 Jahre   40 Milliarden  auszugeben, um eine Reduzierung der CO<sub>2<\/sub>-Emissionen zu erreichen.  Damit kann voraussichtlich der globale Anstieg der Durchschnittstemperatur um 0.00018 Grad in hundert Jahren vermindert werden &#8211; ein unmessbar kleiner Erfolg bei so gigantischen Kosten.  <a href=\"https:\/\/www.project-syndicate.org\/commentary\/governments-must-reduce-poverty-not-emissions-by-bjorn-lomborg-2019-09\">W\u00fcrde derselbe Betrag zur Vorsorge gegen Tuberkulose in Entwicklungsl\u00e4ndern eingesetzt, k\u00f6nnten mehr als 10 Millionen Menschen gerettet werden<\/a>. <\/p>\n","protected":false},"excerpt":{"rendered":"<p>Es wird in der Klimadiskussion viel geredet \u00fcber den Preis, den wir und k\u00fcnftige Generationen finanziell und in Form von Lebensqualit\u00e4t &#8222;bezahlen&#8220; m\u00fcssen, wenn wir &hellip; <\/p>\n","protected":false},"author":1,"featured_media":0,"parent":0,"menu_order":30,"comment_status":"open","ping_status":"closed","template":"","meta":{"_monsterinsights_skip_tracking":false,"_monsterinsights_sitenote_active":false,"_monsterinsights_sitenote_note":"","_monsterinsights_sitenote_category":0,"_uf_show_specific_survey":0,"_uf_disable_surveys":false,"twitterCardType":"","cardImageID":0,"cardImage":"","cardTitle":"","cardDesc":"","cardImageAlt":"","cardPlayer":"","cardPlayerWidth":0,"cardPlayerHeight":0,"cardPlayerStream":"","cardPlayerCodec":"","footnotes":""},"class_list":["post-651","page","type-page","status-publish","hentry"],"_links":{"self":[{"href":"https:\/\/klima-fakten.net\/index.php?rest_route=\/wp\/v2\/pages\/651","targetHints":{"allow":["GET"]}}],"collection":[{"href":"https:\/\/klima-fakten.net\/index.php?rest_route=\/wp\/v2\/pages"}],"about":[{"href":"https:\/\/klima-fakten.net\/index.php?rest_route=\/wp\/v2\/types\/page"}],"author":[{"embeddable":true,"href":"https:\/\/klima-fakten.net\/index.php?rest_route=\/wp\/v2\/users\/1"}],"replies":[{"embeddable":true,"href":"https:\/\/klima-fakten.net\/index.php?rest_route=%2Fwp%2Fv2%2Fcomments&post=651"}],"version-history":[{"count":60,"href":"https:\/\/klima-fakten.net\/index.php?rest_route=\/wp\/v2\/pages\/651\/revisions"}],"predecessor-version":[{"id":2421,"href":"https:\/\/klima-fakten.net\/index.php?rest_route=\/wp\/v2\/pages\/651\/revisions\/2421"}],"wp:attachment":[{"href":"https:\/\/klima-fakten.net\/index.php?rest_route=%2Fwp%2Fv2%2Fmedia&parent=651"}],"curies":[{"name":"wp","href":"https:\/\/api.w.org\/{rel}","templated":true}]}}

<div class="pdfprnt-buttons pdfprnt-buttons-page pdfprnt-top-right"><a href="https://klima-fakten.net/index.php?rest_route=wpv2pages651&print=print" class="pdfprnt-button pdfprnt-button-print" target="_blank"><img decoding="async" src="https://klima-fakten.net/wp-content/plugins/pdf-print/images/print.png" alt="image_print" title="Inhalt drucken" /></a></div>
<p> Es wird in der Klimadiskussion viel geredet über den Preis, den wir und künftige Generationen finanziell und in Form von Lebensqualität &#8222;bezahlen&#8220; müssen, wenn wir einfach so weitermachen wie bisher.<br>Deutlich weniger wird darüber geredet, welchen Preis wir für die Alternativen bezahlen, die aktuell als &#8222;Lösung&#8220; des &#8222;Klimawandels infolge des Treibhauseffektes&#8220; politisch propagiert werden.  </p>



<h4 class="wp-block-heading">Konkretisierung der Energiewende</h4>



<p>Was wird aktuell unter Energiewende verstanden? Es ist ein Bündel von bereits begonnenen oder geplanten Maßnahmen, die das Ziel haben, letztlich unsere komplette Energieversorgung &#8222;nachhaltig&#8220; zu gestalten: </p>



<ul class="wp-block-list"><li>Abschaltung von Kohle- und Kernkraftwerken, letztlich auch Gaskraftwerken</li><li>Energiegewinnung durch Wind- und Solarenergie</li><li>Treibstoffgewinnung durch Biotreibstoffe</li><li>Elektromobilität</li><li>Einsparung von Heizkosten durch Dämmung und effizientere Gasheizungen</li></ul>



<h4 class="wp-block-heading" id="Block_Machbarkeit">Machbarkeit der Energiewende</h4>



<p>Es muss &#8212; eigentlich längst vor der Umsetzung &#8212; die Frage gestellt werden, inwieweit sich dieses Konzept unter den gegebenen Randbedingungen umsetzen lässt. Dazu hat der langjährige Leiter des Münchener IFO-Instituts, Prof. Werner Sinn, Ende 2017 einen richtungsweisenden Vortrag gehalten, der nach wie vor aktuell ist. <br>Eines der zentralen Probleme von Wind- und Solarenergie ist die Speicherung von elektrischer Energie aufgrund der unzuverlässigen Erzeugung.   Dabei ist <strong>das Hauptproblem nicht die kurzfristige Speicherung, die ggf. mit einem &#8222;Smart Grid&#8220; und/oder Batterien erfolgen kann, sondern die langfristige, saisonale Speicherung</strong>. Diese kann mit bekannter Technologie nur in Speicherkraftwerken oder mit Wasserstoff oder Methan erfolgen. Beide Konzepte haben ihre eigenen Probleme, mit dem Ergebnis, dass selbst unter sehr optimistischen Annahmen ein <strong>maximaler Anteil von 50% and Wind- und Solarenergie sinnvoll  realisierbar </strong>ist. Die verschiedenen Möglichkeiten werden im Film diskutiert:  </p>



<figure class="wp-block-embed-youtube wp-block-embed is-type-video is-provider-youtube wp-embed-aspect-16-9 wp-has-aspect-ratio"><div class="wp-block-embed__wrapper">
<iframe loading="lazy" title="Wie viel Zappelstrom verträgt das Netz? Bemerkungen zur deutschen Energiewende" width="1200" height="675" src="https://www.youtube.com/embed/rV_0uHP3BDY?feature=oembed" frameborder="0" allow="accelerometer; autoplay; encrypted-media; gyroscope; picture-in-picture" allowfullscreen></iframe>
</div></figure>



<p></p>



<h4 class="wp-block-heading" id="Block_Nebenwirkungen">Nebenwirkungen der Energiewende</h4>



<p>Es wird in der Öffentlichkeit weithin der Eindruck vermittelt, dass die &#8222;neuen&#8220; Technologien der Energiewende auch Umweltverträglichkeit bedeuten. Mit der Einführung dieser Technologien hat sich allerdings gezeigt, dass es zu teilweise vorhersehbaren, <strong><a href="https://www.spiegel.de/international/germany/german-renewable-energy-policy-takes-toll-on-nature-conservation-a-888094.html">gravierenden &#8222;Kollisionen&#8220; mit dem Schutz der Umwelt</a></strong> und der Bewahrung der Schöpfung kommt.  <br><strong><a href="http://wolfgangepplenaturschutzundethik.de/">Der seit über 40 Jahren in Umweltfragen engagierte, renommierte Biologe Dr.  Wolfgang Epple</a></strong><a href="http://wolfgangepplenaturschutzundethik.de/"> </a>hat sich u.a. sehr intensiv mit den Nebenwirkungen der Windenergiegewinnung und Bio-Treibstoffen, zwei wesentlichen Standbeinen der Energiewende auseinandergesetzt:</p>



<ul class="wp-block-list"><li>Flächenverbrauch (in Wäldern z.B. 600 Bäume pro Windanlage, bzw. <a href="https://www.fachagentur-windenergie.de/fileadmin/files/Veranstaltungen/Tagungsunterlagen_W.im_Wald_10.07.2014/Vortrag_05_Boegelein_juwi_Planung__Bau_und_Betrieb.pdf">etwa 1 ha Fläche, davon 0.5 ha dauerhaft</a>). Allerdings bildet die Frage des Flächenverbrauchs die Problematik des Verdrängens von Wildtieren und Störung des ökologischen Gleichgewichts nur ungenügend ab.  </li><li><a href="https://www.spektrum.de/kolumne/windkraft-im-wald-mehr-schaden-als-nutzen/1392939">Windananlagen als tödliche Fallen für Vögel und Insekten</a></li><li><a href="http://www.vernunftkraft-hessen.de/wordpress/2019/07/01/buchtipp-krankmacher-windkraftanlagen-auswirkungen-des-infraschalls-auf-unsere-gesundheit/">Gesundheitliche Beeinträchtigung durch den Infraschall von Windanlagen</a> </li><li>Beeinträchtigung der Biodiversität durch Monokulturen</li></ul>



<p><strong>In einem</strong><a href="https://www.suedkurier.de/region/schwarzwald/blumberg/Die-Windkraftindustrie-zerstoert-die-Natur;art372508,9589770"><strong> Interview faßt Dr. Epple die Problematik dieser Konzepte zusammen</strong>.</a>  Er hat 2017 eine richtungsweisende <a href="https://www.vernunftkraft.de/denkschrift-2/"><strong>Denkschrift zur Vereinbarkeit von Windenergie und Biotreibstoffen mit dem Naturschutz</strong></a> geschrieben.  Aufgrund des Umstands, dass die Energiewende in der Folge zurückgehender Subventionen ins Stocken geraten ist, <strong><a href="https://naturschutz-initiative.de/neuigkeiten/560-11-10-2019-ein-anschlag-auf-natur-buerger-und-rechtstaat">wird in der aktuellen Politik der Schutz der Natur und die Bewahrung der Schöpfung immer offensichtlicher ignoriert</a></strong>, nach dem Motto: &#8222;Wenn wir merken, dass wir in die falsche Richtung gehen, verdoppeln wir die Geschwindigkeit&#8220; (E.F. Schumacher).    </p>



<p>Dass dies nicht nur eine subjektive Einschätzung oder ein regionales Problem ist, zeigt dieser Film aus England:</p>



<figure class="wp-block-embed-youtube wp-block-embed is-type-video is-provider-youtube wp-embed-aspect-16-9 wp-has-aspect-ratio"><div class="wp-block-embed__wrapper">
<iframe loading="lazy" title="Green Killing Machines: the impact of renewable energy on wildlife and nature" width="1200" height="675" src="https://www.youtube.com/embed/psFkvOpSQc0?feature=oembed" frameborder="0" allow="accelerometer; autoplay; encrypted-media; gyroscope; picture-in-picture" allowfullscreen></iframe>
</div></figure>



<p>Zu ähnlichen Schlußfolgerungen kommt Michael Shellenberger, der über viele Jahre die regenerativen Energien im &#8222;energetischen Musterland&#8220; Kalifornien propagiert hat, mit dem Ergebnis: &#8222;<strong>Jetzt, nachdem wir festgestellt haben, dass die erneuerbaren Energien den Planeten nicht retten können, sollten wir ihnen nicht erlauben, den Planeten zu zerstören</strong>:&#8220;</p>



<figure class="wp-block-embed-youtube wp-block-embed is-type-video is-provider-youtube wp-embed-aspect-16-9 wp-has-aspect-ratio"><div class="wp-block-embed__wrapper">
<iframe loading="lazy" title="Why renewables can’t save the planet | Michael Shellenberger | TEDxDanubia" width="1200" height="675" src="https://www.youtube.com/embed/N-yALPEpV4w?feature=oembed" frameborder="0" allow="accelerometer; autoplay; encrypted-media; gyroscope; picture-in-picture" allowfullscreen></iframe>
</div></figure>



<h4 class="wp-block-heading">Den Hauptpreis bezahlen die Ärmsten der Armen</h4>



<p>Die deutsche Regierung  plant, innerhalb der nächsten 4 Jahre   40 Milliarden  auszugeben, um eine Reduzierung der CO<sub>2</sub>-Emissionen zu erreichen.  Damit kann voraussichtlich der globale Anstieg der Durchschnittstemperatur um 0.00018 Grad in hundert Jahren vermindert werden &#8211; ein unmessbar kleiner Erfolg bei so gigantischen Kosten.  <a href="https://www.project-syndicate.org/commentary/governments-must-reduce-poverty-not-emissions-by-bjorn-lomborg-2019-09">Würde derselbe Betrag zur Vorsorge gegen Tuberkulose in Entwicklungsländern eingesetzt, könnten mehr als 10 Millionen Menschen gerettet werden</a>. </p>

<p>Es wird in der Klimadiskussion viel geredet über den Preis, den wir und künftige Generationen finanziell und in Form von Lebensqualität &#8222;bezahlen&#8220; müssen, wenn wir &hellip; </p>
